29
Suppose -6*v = -11*v + 35. Let s(g) = g**3 - 8*g**2 + 8*g + 1. Let h be s(v). Let l = h + 15. List the prime factors of l.
23
Let o = -1 + 1. Let n be (464/(o - 4))/(-2). Suppose -2*b = v + v - n, 4*b + v - 128 = 0. List the prime factors of b.
3, 11
Let i = -59 - 53. Let q = 141 + i. List the prime factors of q.
29
Suppose -22 - 42 = -8*k. Let m(w) = 7*w - 13. What are the prime factors of m(k)?
43
Suppose -17 = -y + l + 6, -y + 8 = 4*l. Suppose -3*h + y = 2*h. Suppose -2*z + 0*z + c = -65, -h*z + 133 = -3*c. What are the prime factors of z?
31
Let s(a) = -46*a. Let p(x) = x**2 + 2*x - 1. Let y be p(0). What are the prime factors of s(y)?
2, 23
Suppose 3*u - 5*v - 784 - 1477 = 0, 4*u - v - 2992 = 0. What are the prime factors of u?
3, 83
Let b = -211 - -370. What are the prime factors of b?
3, 53
Let k be ((-2)/1)/(-2*1). List the prime factors of 0/k + 73 - 0.
73
Suppose -47*z + 17335 = -4379. List the prime factors of z.
2, 3, 7, 11
Let d = -534 + 1311. List the prime factors of d.
3, 7, 37
Suppose -5*b = 3*w + 2546, 2*w = -5*b + w - 2542. Let s = -242 - b. What are the prime factors of s?
2, 7, 19
Suppose 16*g = 13*g + 30. Let x = g + 21. What are the prime factors of x?
31
Let w(d) = -271*d - 55. What are the prime factors of w(-4)?
3, 7
Suppose 0 = 3*p - 12*p + 369. Suppose 153 - p = b. List the prime factors of b.
2, 7
Suppose 0 = -15*q + 651 + 669. What are the prime factors of q?
2, 11
Suppose 0 = -2*a + 83 + 3. What are the prime factors of 2/(-2)*3 + -14 + a?
2, 13
Let m(n) = -2*n**2 - n + 7. Let v(r) = r**2 - r. Let f(w) = -m(w) - v(w). What are the prime factors of f(-5)?
2
Suppose -106 = -14*o + 6. Suppose -o*y + 3*y = -55. What are the prime factors of y?
11
Let w(t) = 2*t**2 + 2*t - 8. Let u(x) = x**2 + x - 4. Let m(h) = 5*u(h) - 2*w(h). Let n be m(-5). Let f = n + -13. List the prime factors of f.
3
Suppose 0 = 378*r - 383*r + 4190. List the prime factors of r.
2, 419
List the prime factors of (36/(-8))/(10/(-380)).
3, 19
Let v(t) be the first derivative of -7*t**4/12 + t**3/3 + t**2 - 7. Let i(b) be the second derivative of v(b). List the prime factors of i(-1).
2
Suppose 554 = -98*v + 100*v. What are the prime factors of v?
277
Let y(o) = -o**3 - 2*o**2 - 10*o - 46. What are the prime factors of y(-7)?
269
Suppose 0 = 5*c + 5, c + 192 = -2*t + 803. Suppose 3*n - 3*d = -0*n + t, 4*n - 2*d = 406. List the prime factors of n.
101
Suppose -12*a = -29876 - 280. List the prime factors of a.
7, 359
Let j = 2169 - -747. List the prime factors of j.
2, 3
Let x(p) = 3*p + 2. Let g be x(1). Suppose -2*v - 126 = -2*k, 2*k - g*v - 60 = 57. What are the prime factors of k?
2, 3, 11
Let t(n) = -n**3 + 8*n**2 + 9*n + 1. Let c be t(9). Let w be (-5 + 6)/(c/31). Let v = w + -14. What are the prime factors of v?
17
Suppose -2*b = k - 1020, -4*b - 9*k = -12*k - 2030. List the prime factors of b.
509
Let v(w) = -w**2 - 9*w - 6. Let b be v(-8). Suppose m + 3*m - 4*i + 12 = 0, 2*i = -b*m - 22. List the prime factors of 6*(m/(-3) - 0).
2, 7
Suppose -5*r - 2 = -2*u - 10*r, 2*u - 42 = 5*r. Let v(l) = 10*l - 21. List the prime factors of v(u).
89
Let f(i) = i**2 + 18*i - 3. Let p be f(12). Let z = p + -243. List the prime factors of z.
2, 3, 19
List the prime factors of (-5124)/(-57) + (-18)/(-171).
2, 3, 5
Let v(c) = 2*c**2 - 31*c + 27. What are the prime factors of v(21)?
2, 3, 43
Let u(b) = -6*b + 5. Let h be u(-4). Suppose -240 = -39*j + 35*j. Let s = j - h. List the prime factors of s.
31
Let r be 2/(-8) + (-7)/4. Let j(t) be the third derivative of 7*t**5/60 + t**4/24 + t**3/3 + 26*t**2. What are the prime factors of j(r)?
2, 7
Let l = -1898 - -3787. What are the prime factors of l?
1889
Suppose 1 = -l, -3*m + 8 = 4*l - 12. Let d(a) = -a - a**3 - 4*a + 0*a + m*a**2 - 2 - a**2. List the prime factors of d(4).
2, 13
Let l(o) = -o**3 + 4*o**2 - 2*o + 1. Let h be l(2). Let q(f) = -2*f - 13*f**3 - f**2 + h*f**3 + 3*f. List the prime factors of q(-1).
2, 3
Suppose -774 = 37*l - 39*l + 2*m, -m - 1551 = -4*l. What are the prime factors of l?
2, 97
Let j(n) = 189*n**2 + 45*n + 46. What are the prime factors of j(-1)?
2, 5, 19
List the prime factors of 6/9 - (-16116)/18.
2, 7
Let w(z) = -37*z**3 - z**2 + 4*z + 24. What are the prime factors of w(-4)?
2, 5, 59
Let l(v) = -162*v + 389. List the prime factors of l(-33).
5, 31, 37
Suppose -12 = 3*m, -40 = -3*w + 7*m - 3*m. Suppose 0 = s - 53 + w. What are the prime factors of s?
3, 5
Let h be 8 + (0 - -3)*-1. Suppose h*a - 72 = 13. What are the prime factors of a?
17
Suppose 7 = 4*i - 17. List the prime factors of (-12)/2*93/i*-1.
3, 31
Suppose 8*v = -0*v + 56. Let k(g) = g**2 + 5. List the prime factors of k(v).
2, 3
Suppose 0 = -4*q + 5*n - 212, 2*q = -3*q - 3*n - 265. Let x = 32 + q. Let m = 1 - x. What are the prime factors of m?
2, 11
Suppose -2*r + 20 = 3*r. Suppose r*n - 20 = 8. Suppose 2*j = -5*v + 31, 3*j - 44 = -n*v + 2*v. List the prime factors of j.
13
Let i(n) be the second derivative of 5*n**4/12 - n**3/3 - 7*n**2/2 + 11*n. What are the prime factors of i(-4)?
3
Let v = 24 - 30. Let m be 3*-1 + v + 9. Suppose m*l + 8 = 2*l. List the prime factors of l.
2
Let l(i) = i**3 + 22*i**2 - 9*i + 9. List the prime factors of l(-22).
3, 23
Let j(d) = -d**3 - 16*d**2 + 66*d + 16. List the prime factors of j(-20).
2, 37
Let l(h) = -6*h**2 + 4 + 7*h + 4*h**2 - 10*h**2 + 2*h**2 + h**3. Let b be l(9). List the prime factors of 4/b + 228/14.
2
What are the prime factors of (41 - -115) + (-1 - 3)?
2, 19
Suppose -y + 6 = 2. Let o(n) = y*n + 0 - 4 - 1 - 10. What are the prime factors of o(11)?
29
Let k = -109 - -113. Suppose s + 7 = k*z - 5, 6 = 2*z + 5*s. What are the prime factors of z?
3
Let h be ((12 + -4)/8)/(4/(-20)). Let c(z) = -3*z**2 + z - 1. Let p be c(3). What are the prime factors of 782/10 - h/p?
2, 3, 13
Let k(r) = 205*r**2 + 7*r - 5. Suppose 2*v - 4*m - 22 = -0*m, -3*v - 12 = 3*m. List the prime factors of k(v).
3, 23
What are the prime factors of 3/6*-348*-7?
2, 3, 7, 29
Suppose 229 = 5*h - 81. Suppose 0 = 4*k + 12, 4*i + 2*k - h = 2*i. What are the prime factors of i?
2, 17
Let m = 1258 - 654. What are the prime factors of m?
2, 151
Suppose -5*s + 59 = c - 1135, 4*c - 5*s - 4776 = 0. What are the prime factors of c?
2, 3, 199
Suppose 2*d = 3*t + 27, -3*d - 2*d + 5 = 5*t. Suppose d*y = 2*y + 100. What are the prime factors of y?
5
Let z(b) = b**2 + 5. Suppose 5*p = 4*p - 3. Let g be -1 + 3 - (p - -2). What are the prime factors of z(g)?
2, 7
Let m(y) = -y**3 + y + 13. Let q be m(0). Suppose 0*f + 104 = 4*i - f, i - q = -3*f. List the prime factors of i.
5
Suppose 20*z = 15*z. Suppose 4*u - u - 243 = z. What are the prime factors of u?
3
List the prime factors of 25425/50 + (-2)/4.
2, 127
Let a = -3 + 7. Let o be (-272)/12 + a/6. What are the prime factors of -4*o*2/8?
2, 11
Let j be 4/8*1418/1. Suppose 0 = x + 3, -c - j = -5*c + 3*x. List the prime factors of c.
5, 7
Let d(h) = 31*h**2 + 12*h + 20. What are the prime factors of d(-6)?
2, 7, 19
Suppose 27*p = 75244 - 16978. What are the prime factors of p?
2, 13, 83
Suppose 3*t - 128 = 2*t. Let x = t - 66. List the prime factors of x.
2, 31
Let j(x) = -5*x**3 - 44*x**2 + 15*x - 82. Let l(o) = -3*o**3 - 29*o**2 + 10*o - 55. Let a(u) = -5*j(u) + 8*l(u). List the prime factors of a(12).
2, 3, 5
Let y = 16 - 14. Suppose 2*i + y*d - 1 + 11 = 0, 5*i + 35 = -3*d. Let n = 22 + i. List the prime factors of n.
2, 3
Suppose -1316 = r + 6*r. Let w = -127 - r. List the prime factors of w.
61
List the prime factors of 444/(((-459)/144)/(-17)).
2, 37
Let y be (3 + 0)*(-235)/(-15). Suppose -l - 2*g + y = -7*g, 3*l - 209 = -2*g. List the prime factors of l.
67
Let f be 152/(-20) - (-4)/(-10). Let w(b) = b**3 - 11*b**2 - 3*b - 3. Let g be w(11). Let m = f - g. List the prime factors of m.
2, 7
List the prime factors of 26532/(-36)*(1 + -2).
11, 67
Let b = 3 - 4. Let w(h) = -25*h - 24. Let r be w(-3). Let n = r + b. What are the prime factors of n?
2, 5
Let a = 723 + -619. List the prime factors of a.
2, 13
Let i(h) = -h**3 + 18*h**2 - 9*h + 6. List the prime factors of i(16).
2, 11, 17
Let s = 90 - 82. Suppose 0 = -s*m - 299 + 763. List the prime factors of m.
2, 29
Suppose 0 = -5*r + 15 + 10. Suppose 0 = -r*l + l + 12. Suppose -w + l*w = 40. What are the pri